p. List the prime factors of q.
5, 11
Suppose -c = c + 228. Let b = c + 190. Let n = 107 - b. List the prime factors of n.
31
Suppose -7*o = -o + 144. Let h(w) = -2*w - 11. What are the prime factors of h(o)?
37
Let d be (-12)/15 - 0 - (-13853)/35. Let f = -256 + d. List the prime factors of f.
139
Let y = 529 + 1307. List the prime factors of y.
2, 3, 17
Suppose 0 = 2*b - 4*m - 140, 8*b + m = 3*b + 339. Suppose -9*u - 4*l = -13*u - 180, 0 = u - 2*l + 49. Let t = b + u. What are the prime factors of t?
3
Let w be (-3 - 11/(-2))*2. Suppose 4*q = w*s - 180, 2*s - 80 = -2*q - 8. List the prime factors of s.
2, 3
Let g(s) = s**3 - 10*s**2 + 10*s + 13. Let i be g(9). Let v = i - -42. List the prime factors of v.
2
Let o = 108 + 256. Let z = o - 155. What are the prime factors of z?
11, 19
Let y(b) = 2*b + 3. Let j be y(3). Suppose -5*m + 0 = -3*p - j, 2*p = m + 1. Let k = m + 0. What are the prime factors of k?
3
Suppose 25 - 29 = -b. Suppose 2*n - 528 = -b*n. What are the prime factors of n?
2, 11
Let h = 1485 - 1054. List the prime factors of h.
431
What are the prime factors of (-22780)/(-17) - 1/((-3)/(-15))?
3, 5, 89
Let h = 8075 - 5189. List the prime factors of h.
2, 3, 13, 37
Let c = -1212 - -2270. What are the prime factors of c?
2, 23
Let f = -342 - -747. List the prime factors of f.
3, 5
Let u(k) = 9*k**3 + k. Let b be u(1). Suppose -3*r - m = -32, -b - 44 = -5*r - 2*m. What are the prime factors of r?
2, 5
Suppose b = -4*y + 44, -3*b = 2*y - 59 - 23. Suppose 3*x + 4*u = b + 226, 4*u = 2*x - 140. List the prime factors of x.
2, 3, 13
Let x = 263 + -172. Let l = x - 59. List the prime factors of l.
2
Let g = -1270 - -2029. List the prime factors of g.
3, 11, 23
Let j(h) = -h**2 - h. Let u(z) = -1 + 6*z**2 - 5*z - 4*z + 6*z. Let s(w) = -4*j(w) + u(w). List the prime factors of s(1).
2, 5
Let l = -1213 + 2707. List the prime factors of l.
2, 3, 83
Let z = -22 + 28. List the prime factors of ((-268)/z)/((-14)/21).
67
Let r(t) be the third derivative of -10/3*t**3 + 1/120*t**6 + 0*t - 14*t**2 + 1/3*t**4 + 4/15*t**5 + 0. What are the prime factors of r(-15)?
5, 17
Let n(y) be the third derivative of 0 - 7/60*y**5 + 0*y - 1/4*y**4 + 2/3*y**3 - 1/120*y**6 - 5*y**2. List the prime factors of n(-7).
2, 23
Suppose 0 = -f + 4*i + 18 + 2, f - 10 = 2*i. Suppose 73 = -f*y + y. List the prime factors of y.
73
Suppose 0 = 5*z + 4*f - 2554, -7*z - 4*f = -3*z - 2044. Suppose -h = -6*h + z. What are the prime factors of h?
2, 3, 17
Let b(x) = x**3 + 20*x**2 + 18*x + 7. Let o be b(-19). Let h = 58 - o. List the prime factors of h.
2
Let k(u) = u**3 - 7*u + 5. Let l be k(6). Suppose 3*y + 3*r = -y + l, -48 = -y - 4*r. Let x = y + -16. What are the prime factors of x?
2, 7
List the prime factors of (1 - 6) + 7062/66.
2, 3, 17
Suppose -s = -3*b + 9593 - 1907, 0 = -3*s. List the prime factors of b.
2, 3, 7, 61
Suppose 3*m - 38 = -4*s, 4*m - 31 = -4*s + 13. Let c be 473/6 + 1/m. Suppose 3*x - 4*u - c = 0, 0 = -3*x - 5*u + 15 + 28. What are the prime factors of x?
3, 7
Suppose -20*r + 19*r + 767 = 0. List the prime factors of r.
13, 59
Let j(o) = 9*o**2 + 15*o - 16. Let k(f) = 2*f**2 + 3*f - 3. Let u be ((-8)/20)/(1/5). Let q(x) = u*j(x) + 11*k(x). What are the prime factors of q(1)?
2, 3
Suppose 130 = 4*j - 1126. List the prime factors of (j/(-8))/(-1*(-1)/(-4)).
157
Let n(q) = -2 - 2*q**3 - 5*q**2 - q**3 + 2*q**3 + 0*q**3 - q. Let m be n(-5). Suppose -4*l = m*a - 82, 0*a + 88 = 3*a + l. What are the prime factors of a?
2, 3, 5
Let o = 1923 + -178. List the prime factors of o.
5, 349
Suppose 130 = -6*i - 122. Let l = 73 + i. What are the prime factors of l?
31
Suppose 2 = -2*r + 4*d, 5*r - 4*d - 16 = 9*r. List the prime factors of (r/5 - (-16)/10) + 187.
2, 47
Let q be -3 - (3 + -3) - 0. Let j be 84 - (-7 - (q - 0)). Suppose f = -f + j. What are the prime factors of f?
2, 11
Let j(b) = b**3 + 9*b**2 - 10*b + 7. Let s = -11 - -1. Let f be j(s). Let l(x) = x**2 - x + 4. List the prime factors of l(f).
2, 23
Suppose 7*n + 16 = 9*n. Let d(h) = h**3 - 8*h**2 - 2*h + 16. Let t be d(n). Suppose t = -v + 7*v - 192. List the prime factors of v.
2
What are the prime factors of -56 + 433 + 8/(-2)?
373
Suppose 21*m - 7277 - 20989 = 0. What are the prime factors of m?
2, 673
Suppose 9030 = 16*b - 890. What are the prime factors of b?
2, 5, 31
Let j = 147 - 83. Suppose -2*a + 4*b = -j, 5*a = -0*a + 5*b + 145. List the prime factors of a.
2, 13
Suppose 4*d + 12 = 0, -4*d - 117 = 3*x - 24. Let i = x + 46. Suppose -4*g + i + 21 = 0. What are the prime factors of g?
2, 5
What are the prime factors of -7*(-97 + 5 + -6)?
2, 7
Suppose -4*u - 250 = 46. Let a be (1 - 4*u) + 3. Suppose -7*p + p = -a. What are the prime factors of p?
2, 5
Let h be 13 + -2 + 2 + 3. Suppose h = -q + 3*n + 47, 3*q + 2*n = 137. List the prime factors of q.
43
Let t(s) = -4*s + 27. Let f be t(4). Suppose -4*m = -f*m + 840. What are the prime factors of m?
2, 3, 5
Suppose 26*z = 27*z - 49. What are the prime factors of z?
7
Suppose 0 = 14*d - 15*d + 8. Let y = -2 - d. List the prime factors of ((-72)/y)/(11/55).
2, 3
Let c(j) = 65*j**2 - 10*j + 2. List the prime factors of c(3).
557
Let u(g) = -2*g**2 + 13*g - 5. Let p be u(5). Let m be (6/4)/(5/p). What are the prime factors of (-1 + 4/m)*57?
19
Suppose 0 = -0*x - x + 500. Let k = x - 266. Let h = k - 160. What are the prime factors of h?
2, 37
Let l(p) = -163*p + 30. List the prime factors of l(-4).
2, 11, 31
Suppose -4*s = -3*z + 8*z - 96, -z + 18 = 2*s. Let t = 56 - z. Suppose 2*n = -n + t. What are the prime factors of n?
2, 3
Suppose -24*a = -63473 - 18991. List the prime factors of a.
2, 859
Suppose 14*r = 11*r - 318. List the prime factors of r/(-10) + 20/50.
11
List the prime factors of (1675/10 + -6)*6.
3, 17, 19
Suppose 57 = -d + 4*d. Suppose -197 = -13*n + 700. Let t = n - d. What are the prime factors of t?
2, 5
Suppose -4074 = -2*a + 4*t, -4*t + 1631 + 2427 = 2*a. List the prime factors of a.
19, 107
Suppose -8*f - 1579 + 13195 = 0. What are the prime factors of f?
2, 3, 11
Let h = 361 - 256. Let f = h + -11. What are the prime factors of f?
2, 47
Suppose -4 - 62 = -v. List the prime factors of v.
2, 3, 11
Let q(a) = -2*a + 7 + a**3 + 18*a**2 + a - 14*a**2 - 2*a**3. Let j be q(4). What are the prime factors of 3/1 + (5 - j)?
5
Suppose -4*n + 324 = -6*n. Let w = 237 + n. List the prime factors of w.
3, 5
Suppose b + 2186 = 3*a, a + 28*b = 23*b + 734. What are the prime factors of a?
3
Let x(f) = f**3 + 43*f**2 + 65*f - 48. What are the prime factors of x(-40)?
2, 269
Let i = -80 - -86. Let o(x) = 38*x + 42. What are the prime factors of o(i)?
2, 3, 5
Suppose -3*p = 4*c + 89, -11 = p - 2*c + 2. Let u = p + 13. Let h = u - -13. List the prime factors of h.
3
Let h(q) = -3*q - 18. Let y be h(7). Let t = 81 + y. List the prime factors of t.
2, 3, 7
Suppose 10*n - 5*n - 1760 = y, -y - 5 = 0. Suppose -111 + n = 5*g. Let s = g - 33. What are the prime factors of s?
3, 5
Suppose -12 - 130 = -2*f - q, q = -3*f + 213. Let i(h) = h**2 + 3*h + 4. Let j be i(-3). Suppose j*p + 3*z = f, 0*z + 3*z = 3. List the prime factors of p.
17
Let c(b) = -4 - 19*b - 23*b + 1. What are the prime factors of c(-7)?
3, 97
Let k be (-2)/(-6) - 369/(-27). Let q = k + -44. Let f = 59 + q. What are the prime factors of f?
29
Let i be (0 - (-63)/6)*-2. What are the prime factors of i*((-8)/(-2))/(-4)?
3, 7
Suppose -5*r + 1 = -4. Let j(z) = -55*z**2 + z. Let d be j(r). Let f = -31 - d. List the prime factors of f.
23
Let l be (-4)/(-14) - 1284/(-14). Suppose 2*r = r + 29*r. Suppose r*f - l = -2*f. List the prime factors of f.
2, 23
Let k(t) = -8*t - 20. Let d be k(-4). Let l be (1 - 3) + 1*-2. What are the prime factors of 14 - 2 - d/l?
3, 5
Let x = -111 - -110. What are the prime factors of (-2)/3 - (x - (-184)/(-6))?
31
Suppose 5*x - 15 = 0, -3*u - 5*x + 7394 = 2693. What are the prime factors of u?
2, 11, 71
Suppose -8*s + 3546 = 354. What are the prime factors of s?
3, 7, 19
Let a be 6/(-10) - (-92)/20. Suppose h = -1, 4 = 2*d + d - a*h. Suppose 4*m + d*x - 60 = -2*x, 4*m - 4*x = 48. List the prime factors of m.
2, 7
What are the prime factors of (-4)/(-16) - (3 - 28598/8)?
2, 19, 47
Suppose 63 = -3*r - 0*c - 3*c, 3*r + c + 57 = 0. What are the prime factors of (-246)/r + 